
{"id":9,"date":"2015-09-10T20:39:04","date_gmt":"2015-09-10T19:39:04","guid":{"rendered":"http:\/\/www.stpaulsuryenne.fr\/wordpress\/?page_id=9"},"modified":"2020-10-02T18:19:59","modified_gmt":"2020-10-02T17:19:59","slug":"lequipe-municipale","status":"publish","type":"page","link":"https:\/\/www.stpaulsuryenne.fr\/wordpress\/lequipe-municipale\/","title":{"rendered":"L&rsquo;\u00e9quipe municipale"},"content":{"rendered":"<p>L&rsquo;\u00e9quipe municipale est compos\u00e9e de 15 \u00e9lus dont le maire, Laurence BOIRON, et les adjoints Carole CONTET, Fran\u00e7ois CHOULET, Matthieu CAILLARD et Steve HOOGHE.<\/p>\n<p><a href=\"https:\/\/www.stpaulsuryenne.fr\/wordpress\/wp-content\/uploads\/2020\/06\/Equipe-Site.jpg\"><img loading=\"lazy\" decoding=\"async\" class=\"aligncenter wp-image-3003 size-large\" style=\"float: center; border-radius: 10px;\" src=\"https:\/\/www.stpaulsuryenne.fr\/wordpress\/wp-content\/uploads\/2020\/06\/Equipe-Site-1024x590.jpg\" alt=\"\" width=\"604\" height=\"348\" srcset=\"https:\/\/www.stpaulsuryenne.fr\/wordpress\/wp-content\/uploads\/2020\/06\/Equipe-Site-1024x590.jpg 1024w, https:\/\/www.stpaulsuryenne.fr\/wordpress\/wp-content\/uploads\/2020\/06\/Equipe-Site-300x173.jpg 300w, https:\/\/www.stpaulsuryenne.fr\/wordpress\/wp-content\/uploads\/2020\/06\/Equipe-Site-768x443.jpg 768w, https:\/\/www.stpaulsuryenne.fr\/wordpress\/wp-content\/uploads\/2020\/06\/Equipe-Site-1536x885.jpg 1536w, https:\/\/www.stpaulsuryenne.fr\/wordpress\/wp-content\/uploads\/2020\/06\/Equipe-Site.jpg 1600w\" sizes=\"auto, (max-width: 604px) 100vw, 604px\" \/><\/a><\/p>\n<table>\n<tbody>\n<tr style=\"background-color: #cef0e0;\">\n<td style=\"text-align: center; width: 17em;\">Nom de la commission<\/td>\n<td style=\"text-align: center; width: 30em;\">Responsable et participants<\/td>\n<td style=\"text-align: center;\">R\u00f4le principal de la commission<\/td>\n<\/tr>\n<tr>\n<td><strong><span style=\"color: #800080;\">ENVIRONNEMENT<\/span><\/strong><br \/>\n<strong><span style=\"color: #800080;\">et<\/span><\/strong><br \/>\n<strong><span style=\"color: #800080;\">PATRIMOINE<br \/>\n<\/span><\/strong><\/td>\n<td style=\"text-align: center;\">Matthieu CAILLARD, Fran\u00e7ois CHOULET, Daniel DAVIER, Laurent DEBAY, St\u00e9phane GAMES, Martine PEZIN<\/td>\n<td style=\"text-align: left;\">&nbsp;<\/td>\n<\/tr>\n<tr>\n<td><strong><span style=\"color: #800080;\">ECOLE<\/span><\/strong><\/td>\n<td style=\"text-align: center;\">Laurence BOIRON, Carole CONTET, Eve GERMAIN<\/td>\n<td style=\"text-align: left;\">Lien entre les activit\u00e9s scolaires et p\u00e9riscolaires.<br \/>\nRestaurant scolaire<\/td>\n<\/tr>\n<tr>\n<td><strong><span style=\"color: #800080;\">FINANCES<\/span><\/strong><\/td>\n<td style=\"text-align: center;\">Laurence BOIRON, Matthieu CAILLARD, Steve HOODGE, Sylvie LAISSUS, St\u00e9phane MERLIER<\/td>\n<td style=\"text-align: left;\">Gestion du budget (g\u00e9n\u00e9ral et assainissement).<br \/>\nSuivi des d\u00e9penses et recettes.<\/td>\n<\/tr>\n<tr>\n<td><strong><span style=\"color: #800080;\">URBANISME<\/span><\/strong><\/td>\n<td style=\"text-align: center;\">Laurence BOIRON, Matthieu CAILLARD, Laurent DEBAY, St\u00e9phane GAMES, Steve HOODGE<\/td>\n<td style=\"text-align: left;\">&nbsp;<\/td>\n<\/tr>\n<tr>\n<td><strong><span style=\"color: #800080;\">COMMUNICATION<\/span><\/strong><\/td>\n<td style=\"text-align: center;\">Antoine BESSIERE, Laurence BOIRON, Laurent DEBAY, Sylvie LAISSUS, Martine PEZIN<\/td>\n<td style=\"text-align: left;\">Bulletin municipal. Les nouvelles. Site internet.<br \/>\nR\u00e9union publique.<\/td>\n<\/tr>\n<tr>\n<td>&nbsp;<\/td>\n<td style=\"text-align: center;\">&nbsp;<\/td>\n<td style=\"text-align: left;\">&nbsp;<\/td>\n<\/tr>\n<tr>\n<td><strong><span style=\"color: #800080;\">RELATIONS avec la<\/span><\/strong><br \/>\n<strong><span style=\"color: #800080;\"> POPULATION<\/span><\/strong><\/td>\n<td style=\"text-align: center;\">Matthieu CAILLARD, Carole CONTET, Eve GERMAIN, Steve HOODGE, Sylvie LAISSUS, Pierre SULPICE<\/td>\n<td style=\"text-align: left;\">Gestion de la salle des f\u00eates, salle des associations.<br \/>\nAccueil et convivialit\u00e9 \u00e0 l\u2019occasion des diverses rencontres (c\u00e9r\u00e9monies..).<\/td>\n<\/tr>\n<tr>\n<td><span style=\"color: #800080;\"><strong>SERVICES<\/strong><\/span><br \/>\n<span style=\"color: #800080;\"><strong> TECHNIQUES<\/strong><\/span><\/td>\n<td style=\"text-align: center;\">Antoine BESSIERE, Fran\u00e7ois CHOULET, Gilles DOGNIN, St\u00e9phane GAMES, Eve GERMAIN, Pierre SULPICE<\/td>\n<td style=\"text-align: left;\">Gestion de la voirie communale (entretien des routes, signal\u00e9tique, s\u00e9curit\u00e9 routi\u00e8re\u2026).<br \/>\nFauchage et \u00e9lagage. D\u00e9neigement.<br \/>\nEntretien des chemins ruraux.<br \/>\nAssainissement collectif (station d\u2019\u00e9puration et r\u00e9seau).<\/td>\n<\/tr>\n<tr>\n<td><strong><span style=\"color: #800080;\">APPELS d&rsquo;OFFRES<\/span><\/strong><\/td>\n<td style=\"text-align: center;\">&nbsp;<\/td>\n<td style=\"text-align: left;\">\u00c9tude et choix des propositions des entreprises.<\/td>\n<\/tr>\n<\/tbody>\n<\/table>\n<p>&nbsp;<\/p>\n","protected":false},"excerpt":{"rendered":"<p>L&rsquo;\u00e9quipe municipale est compos\u00e9e de 15 \u00e9lus dont le maire, Laurence BOIRON, et les adjoints Carole CONTET, Fran\u00e7ois CHOULET, Matthieu CAILLARD et Steve HOOGHE. Nom de la commission Responsable et participants R\u00f4le principal de la commission ENVIRONNEMENT et PATRIMOINE Matthieu CAILLARD, Fran\u00e7ois CHOULET, Daniel DAVIER, Laurent DEBAY, St\u00e9phane GAMES, Martine PEZIN &nbsp; ECOLE Laurence BOIRON, &hellip; <a href=\"https:\/\/www.stpaulsuryenne.fr\/wordpress\/lequipe-municipale\/\" class=\"more-link\">Continuer la lecture de <span class=\"screen-reader-text\">L&rsquo;\u00e9quipe municipale<\/span> <span class=\"meta-nav\">&rarr;<\/span><\/a><\/p>\n","protected":false},"author":1,"featured_media":0,"parent":0,"menu_order":0,"comment_status":"closed","ping_status":"closed","template":"","meta":{"ngg_post_thumbnail":0,"footnotes":""},"class_list":["post-9","page","type-page","status-publish","hentry"],"_links":{"self":[{"href":"https:\/\/www.stpaulsuryenne.fr\/wordpress\/wp-json\/wp\/v2\/pages\/9","targetHints":{"allow":["GET"]}}],"collection":[{"href":"https:\/\/www.stpaulsuryenne.fr\/wordpress\/wp-json\/wp\/v2\/pages"}],"about":[{"href":"https:\/\/www.stpaulsuryenne.fr\/wordpress\/wp-json\/wp\/v2\/types\/page"}],"author":[{"embeddable":true,"href":"https:\/\/www.stpaulsuryenne.fr\/wordpress\/wp-json\/wp\/v2\/users\/1"}],"replies":[{"embeddable":true,"href":"https:\/\/www.stpaulsuryenne.fr\/wordpress\/wp-json\/wp\/v2\/comments?post=9"}],"version-history":[{"count":102,"href":"https:\/\/www.stpaulsuryenne.fr\/wordpress\/wp-json\/wp\/v2\/pages\/9\/revisions"}],"predecessor-version":[{"id":3021,"href":"https:\/\/www.stpaulsuryenne.fr\/wordpress\/wp-json\/wp\/v2\/pages\/9\/revisions\/3021"}],"wp:attachment":[{"href":"https:\/\/www.stpaulsuryenne.fr\/wordpress\/wp-json\/wp\/v2\/media?parent=9"}],"curies":[{"name":"wp","href":"https:\/\/api.w.org\/{rel}","templated":true}]}}

L&rsquo;équipe municipale

<p>L&rsquo;équipe municipale est composée de 15 élus dont le maire, Laurence BOIRON, et les adjoints Carole CONTET, François CHOULET, Matthieu CAILLARD et Steve HOOGHE.</p>
<p><a href="https://www.stpaulsuryenne.fr/wordpress/wp-content/uploads/2020/06/Equipe-Site.jpg"><img loading="lazy" decoding="async" class="aligncenter wp-image-3003 size-large" style="float: center; border-radius: 10px;" src="https://www.stpaulsuryenne.fr/wordpress/wp-content/uploads/2020/06/Equipe-Site-1024x590.jpg" alt="" width="604" height="348" srcset="https://www.stpaulsuryenne.fr/wordpress/wp-content/uploads/2020/06/Equipe-Site-1024x590.jpg 1024w, https://www.stpaulsuryenne.fr/wordpress/wp-content/uploads/2020/06/Equipe-Site-300x173.jpg 300w, https://www.stpaulsuryenne.fr/wordpress/wp-content/uploads/2020/06/Equipe-Site-768x443.jpg 768w, https://www.stpaulsuryenne.fr/wordpress/wp-content/uploads/2020/06/Equipe-Site-1536x885.jpg 1536w, https://www.stpaulsuryenne.fr/wordpress/wp-content/uploads/2020/06/Equipe-Site.jpg 1600w" sizes="auto, (max-width: 604px) 100vw, 604px" /></a></p>
<table>
<tbody>
<tr style="background-color: #cef0e0;">
<td style="text-align: center; width: 17em;">Nom de la commission</td>
<td style="text-align: center; width: 30em;">Responsable et participants</td>
<td style="text-align: center;">Rôle principal de la commission</td>
</tr>
<tr>
<td><strong><span style="color: #800080;">ENVIRONNEMENT</span></strong><br />
<strong><span style="color: #800080;">et</span></strong><br />
<strong><span style="color: #800080;">PATRIMOINE<br />
</span></strong></td>
<td style="text-align: center;">Matthieu CAILLARD, François CHOULET, Daniel DAVIER, Laurent DEBAY, Stéphane GAMES, Martine PEZIN</td>
<td style="text-align: left;">&nbsp;</td>
</tr>
<tr>
<td><strong><span style="color: #800080;">ECOLE</span></strong></td>
<td style="text-align: center;">Laurence BOIRON, Carole CONTET, Eve GERMAIN</td>
<td style="text-align: left;">Lien entre les activités scolaires et périscolaires.<br />
Restaurant scolaire</td>
</tr>
<tr>
<td><strong><span style="color: #800080;">FINANCES</span></strong></td>
<td style="text-align: center;">Laurence BOIRON, Matthieu CAILLARD, Steve HOODGE, Sylvie LAISSUS, Stéphane MERLIER</td>
<td style="text-align: left;">Gestion du budget (général et assainissement).<br />
Suivi des dépenses et recettes.</td>
</tr>
<tr>
<td><strong><span style="color: #800080;">URBANISME</span></strong></td>
<td style="text-align: center;">Laurence BOIRON, Matthieu CAILLARD, Laurent DEBAY, Stéphane GAMES, Steve HOODGE</td>
<td style="text-align: left;">&nbsp;</td>
</tr>
<tr>
<td><strong><span style="color: #800080;">COMMUNICATION</span></strong></td>
<td style="text-align: center;">Antoine BESSIERE, Laurence BOIRON, Laurent DEBAY, Sylvie LAISSUS, Martine PEZIN</td>
<td style="text-align: left;">Bulletin municipal. Les nouvelles. Site internet.<br />
Réunion publique.</td>
</tr>
<tr>
<td>&nbsp;</td>
<td style="text-align: center;">&nbsp;</td>
<td style="text-align: left;">&nbsp;</td>
</tr>
<tr>
<td><strong><span style="color: #800080;">RELATIONS avec la</span></strong><br />
<strong><span style="color: #800080;"> POPULATION</span></strong></td>
<td style="text-align: center;">Matthieu CAILLARD, Carole CONTET, Eve GERMAIN, Steve HOODGE, Sylvie LAISSUS, Pierre SULPICE</td>
<td style="text-align: left;">Gestion de la salle des fêtes, salle des associations.<br />
Accueil et convivialité à l’occasion des diverses rencontres (cérémonies..).</td>
</tr>
<tr>
<td><span style="color: #800080;"><strong>SERVICES</strong></span><br />
<span style="color: #800080;"><strong> TECHNIQUES</strong></span></td>
<td style="text-align: center;">Antoine BESSIERE, François CHOULET, Gilles DOGNIN, Stéphane GAMES, Eve GERMAIN, Pierre SULPICE</td>
<td style="text-align: left;">Gestion de la voirie communale (entretien des routes, signalétique, sécurité routière…).<br />
Fauchage et élagage. Déneigement.<br />
Entretien des chemins ruraux.<br />
Assainissement collectif (station d’épuration et réseau).</td>
</tr>
<tr>
<td><strong><span style="color: #800080;">APPELS d&rsquo;OFFRES</span></strong></td>
<td style="text-align: center;">&nbsp;</td>
<td style="text-align: left;">Étude et choix des propositions des entreprises.</td>
</tr>
</tbody>
</table>
<p>&nbsp;</p>

<p>L&rsquo;équipe municipale est composée de 15 élus dont le maire, Laurence BOIRON, et les adjoints Carole CONTET, François CHOULET, Matthieu CAILLARD et Steve HOOGHE. Nom de la commission Responsable et participants Rôle principal de la commission ENVIRONNEMENT et PATRIMOINE Matthieu CAILLARD, François CHOULET, Daniel DAVIER, Laurent DEBAY, Stéphane GAMES, Martine PEZIN &nbsp; ECOLE Laurence BOIRON, &hellip; <a href="https://www.stpaulsuryenne.fr/wordpress/lequipe-municipale/" class="more-link">Continuer la lecture de <span class="screen-reader-text">L&rsquo;équipe municipale</span> <span class="meta-nav">&rarr;</span></a></p>
