
{"id":19,"date":"2015-09-10T20:41:28","date_gmt":"2015-09-10T19:41:28","guid":{"rendered":"http:\/\/www.stpaulsuryenne.fr\/wordpress\/?page_id=19"},"modified":"2018-09-21T19:39:06","modified_gmt":"2018-09-21T18:39:06","slug":"les-formalites-administratives","status":"publish","type":"page","link":"https:\/\/www.stpaulsuryenne.fr\/wordpress\/les-formalites-administratives\/","title":{"rendered":"Les formalit\u00e9s administratives"},"content":{"rendered":"<h2>Les formalit\u00e9s administratives<\/h2>\n<ul>\n<li><span style=\"font-size: 18pt; color: #3366ff;\"><a style=\"color: #3366ff;\" href=\"https:\/\/www.stpaulsuryenne.fr\/wordpress\/2014\/01\/31\/le-recensement\/\">Le recensement obligatoire<\/a><\/span><\/li>\n<li><span style=\"font-size: 18pt; color: #3366ff;\"><a style=\"color: #3366ff;\" href=\"https:\/\/www.stpaulsuryenne.fr\/wordpress\/2017\/01\/15\/autorisation-de-sortie-du-territoire-pour-les-mineurs\/\">Autorisation de sortie du territoire<\/a><\/span><\/li>\n<li><span style=\"font-size: 18pt; color: #3366ff;\"><a style=\"color: #3366ff;\" href=\"https:\/\/www.stpaulsuryenne.fr\/wordpress\/2014\/01\/31\/comment-sinscrire-sur-les-listes-electorales\/\">Comment s&rsquo;inscrire sur les listes \u00e9lectorales<\/a><\/span><\/li>\n<li><span style=\"font-size: 18pt; color: #3366ff;\"><a style=\"color: #3366ff;\" href=\"https:\/\/www.stpaulsuryenne.fr\/wordpress\/2014\/01\/31\/comment-obtenir-une-carte-didentite\/\">Comment obtenir une carte d&rsquo;identit\u00e9<\/a><\/span><\/li>\n<li><span style=\"font-size: 18pt; color: #3366ff;\"><a style=\"color: #3366ff;\">Comment obtenir un passeport<\/a><\/span><\/li>\n<\/ul>\n<p style=\"padding-left: 60px;\"><em><span style=\"font-size: 20px;\">L&rsquo;\u00e9laboration ou le renouvellement d&rsquo;un passeport ne peut \u00eatre effectu\u00e9 que dans une mairie \u00e9quip\u00e9e. La mairie la plus proche est la mairie de Yenne . Il est n\u00e9cessaire de prendre rendez vous.<\/span><\/em><\/p>\n<ul>\n<li><span style=\"font-size: 24px; color: #3366ff;\"><a style=\"color: #3366ff;\" href=\"https:\/\/www.stpaulsuryenne.fr\/wordpress\/2014\/01\/31\/declaration-de-travaux-et-permis\/\" target=\"_blank\" rel=\"noopener\">Demander un permis de construire ou une autorisation de travaux<\/a><\/span><\/li>\n<li><span style=\"font-size: 24px; color: #3366ff;\"><a style=\"color: #3366ff;\" href=\"https:\/\/www.stpaulsuryenne.fr\/wordpress\/2014\/01\/31\/lassainissement-collectif\/\">Le raccordement \u00e0 l&rsquo;assainissement collectif<\/a><\/span><\/li>\n<\/ul>\n","protected":false},"excerpt":{"rendered":"<p>Les formalit\u00e9s administratives Le recensement obligatoire Autorisation de sortie du territoire Comment s&rsquo;inscrire sur les listes \u00e9lectorales Comment obtenir une carte d&rsquo;identit\u00e9 Comment obtenir un passeport L&rsquo;\u00e9laboration ou le renouvellement d&rsquo;un passeport ne peut \u00eatre effectu\u00e9 que dans une mairie \u00e9quip\u00e9e. La mairie la plus proche est la mairie de Yenne . Il est n\u00e9cessaire &hellip; <a href=\"https:\/\/www.stpaulsuryenne.fr\/wordpress\/les-formalites-administratives\/\" class=\"more-link\">Continuer la lecture de <span class=\"screen-reader-text\">Les formalit\u00e9s administratives<\/span> <span class=\"meta-nav\">&rarr;<\/span><\/a><\/p>\n","protected":false},"author":1,"featured_media":0,"parent":0,"menu_order":0,"comment_status":"closed","ping_status":"closed","template":"","meta":{"ngg_post_thumbnail":0,"footnotes":""},"class_list":["post-19","page","type-page","status-publish","hentry"],"_links":{"self":[{"href":"https:\/\/www.stpaulsuryenne.fr\/wordpress\/wp-json\/wp\/v2\/pages\/19","targetHints":{"allow":["GET"]}}],"collection":[{"href":"https:\/\/www.stpaulsuryenne.fr\/wordpress\/wp-json\/wp\/v2\/pages"}],"about":[{"href":"https:\/\/www.stpaulsuryenne.fr\/wordpress\/wp-json\/wp\/v2\/types\/page"}],"author":[{"embeddable":true,"href":"https:\/\/www.stpaulsuryenne.fr\/wordpress\/wp-json\/wp\/v2\/users\/1"}],"replies":[{"embeddable":true,"href":"https:\/\/www.stpaulsuryenne.fr\/wordpress\/wp-json\/wp\/v2\/comments?post=19"}],"version-history":[{"count":28,"href":"https:\/\/www.stpaulsuryenne.fr\/wordpress\/wp-json\/wp\/v2\/pages\/19\/revisions"}],"predecessor-version":[{"id":2680,"href":"https:\/\/www.stpaulsuryenne.fr\/wordpress\/wp-json\/wp\/v2\/pages\/19\/revisions\/2680"}],"wp:attachment":[{"href":"https:\/\/www.stpaulsuryenne.fr\/wordpress\/wp-json\/wp\/v2\/media?parent=19"}],"curies":[{"name":"wp","href":"https:\/\/api.w.org\/{rel}","templated":true}]}}