
{"id":1309,"date":"2016-10-29T19:55:46","date_gmt":"2016-10-29T18:55:46","guid":{"rendered":"http:\/\/www.stpaulsuryenne.fr\/wordpress\/?page_id=1309"},"modified":"2016-11-03T20:42:22","modified_gmt":"2016-11-03T19:42:22","slug":"les-associations","status":"publish","type":"page","link":"https:\/\/www.stpaulsuryenne.fr\/wordpress\/les-associations\/","title":{"rendered":"LES ASSOCIATIONS"},"content":{"rendered":"<h3>De nombreuses associations animent la commune.<\/h3>\n<ul>\n<li><em><span style=\"color: #993300;\">LE CLUB RELAX<\/span><\/em><\/li>\n<li><em><span style=\"color: #993300;\">LE TENNIS CLUB SAN-PAULAN<\/span><\/em><\/li>\n<li><em><span style=\"color: #993300;\">LES AMIS DE L&rsquo;ECOLE<\/span><\/em><\/li>\n<li><em><span style=\"color: #993300;\">L&rsquo;ACCA DE SAINT PAUL<\/span><\/em><\/li>\n<li><em><span style=\"color: #993300;\">LES CAVALIERS DE L&rsquo;AVANT PAYS SAVOYARD<\/span><\/em><\/li>\n<li><em><span style=\"color: #993300;\">G\u00c9N\u00c9RATION BJ<\/span><\/em><\/li>\n<li><em><span style=\"color: #993300;\">LE COMIT\u00c9 DES F\u00caTES<\/span><\/em><\/li>\n<li><em><span style=\"color: #993300;\">SCRAPAULAN ET CAETERA<\/span><\/em><\/li>\n<li><em><span style=\"color: #993300;\">SAINT PAUL AUTO SPORT<\/span><\/em><\/li>\n<\/ul>\n<p><span style=\"color: #339966;\"><em>Des renseignements sur ces associations seront bient\u00f4t compl\u00e9t\u00e9s.<\/em><\/span><\/p>\n<p>&nbsp;<\/p>\n","protected":false},"excerpt":{"rendered":"<p>De nombreuses associations animent la commune. LE CLUB RELAX LE TENNIS CLUB SAN-PAULAN LES AMIS DE L&rsquo;ECOLE L&rsquo;ACCA DE SAINT PAUL LES CAVALIERS DE L&rsquo;AVANT PAYS SAVOYARD G\u00c9N\u00c9RATION BJ LE COMIT\u00c9 DES F\u00caTES SCRAPAULAN ET CAETERA SAINT PAUL AUTO SPORT Des renseignements sur ces associations seront bient\u00f4t compl\u00e9t\u00e9s. &nbsp;<\/p>\n","protected":false},"author":1,"featured_media":0,"parent":0,"menu_order":0,"comment_status":"closed","ping_status":"closed","template":"","meta":{"ngg_post_thumbnail":0,"footnotes":""},"class_list":["post-1309","page","type-page","status-publish","hentry"],"_links":{"self":[{"href":"https:\/\/www.stpaulsuryenne.fr\/wordpress\/wp-json\/wp\/v2\/pages\/1309","targetHints":{"allow":["GET"]}}],"collection":[{"href":"https:\/\/www.stpaulsuryenne.fr\/wordpress\/wp-json\/wp\/v2\/pages"}],"about":[{"href":"https:\/\/www.stpaulsuryenne.fr\/wordpress\/wp-json\/wp\/v2\/types\/page"}],"author":[{"embeddable":true,"href":"https:\/\/www.stpaulsuryenne.fr\/wordpress\/wp-json\/wp\/v2\/users\/1"}],"replies":[{"embeddable":true,"href":"https:\/\/www.stpaulsuryenne.fr\/wordpress\/wp-json\/wp\/v2\/comments?post=1309"}],"version-history":[{"count":7,"href":"https:\/\/www.stpaulsuryenne.fr\/wordpress\/wp-json\/wp\/v2\/pages\/1309\/revisions"}],"predecessor-version":[{"id":1394,"href":"https:\/\/www.stpaulsuryenne.fr\/wordpress\/wp-json\/wp\/v2\/pages\/1309\/revisions\/1394"}],"wp:attachment":[{"href":"https:\/\/www.stpaulsuryenne.fr\/wordpress\/wp-json\/wp\/v2\/media?parent=1309"}],"curies":[{"name":"wp","href":"https:\/\/api.w.org\/{rel}","templated":true}]}}